dba (base 14) in base 3?
2122122200110
Convert -303012114 (base 5) to base 9.
-2258046
31b7ca (base 13) to base 15
1810db
181d04 (base 14) to base 13
23a131
What is 11202021032 (base 4) in base 12?
59b552
What is -10316751 (base 10) in base 16?
-9d6bcf
Convert -1131140 (base 7) to base 11.
-97823
What is -2101332032 (base 4) in base 7?
-5040104
Convert 27811 (base 12) to base 16.
d5cd
c93385 (base 13) to base 3
22212210022101
1058574 (base 9) to base 14
10bcd8
Convert 2482a (base 13) to base 11.
46620
Convert 2024290 (base 10) to base 5.
1004234130
-776815 (base 10) to base 15
-10527a
-16403720 (base 8) to base 12
-1334a40
Convert -120026 (base 11) to base 3.
-100200010102
-4a0073 (base 16) to base 8
-22400163
-31ab55 (base 13) to base 6
-40555415
What is 2234316 (base 9) in base 16?
125e7d
Convert -660582 (base 9) to base 11.
-24a139
-62444121 (base 7) to base 4
-110002322220
20002111012112 (base 3) to base 16
316706
What is 2079b (base 12) in base 10?
42599
Convert 58a846 (base 12) to base 10.
1428534
-46f376 (base 16) to base 3
-22202020101112
Convert -25001 (base 10) to base 13.
-b4c2
Convert ca631 (base 15) to base 5.
131031041
What is -9cb39 (base 14) in base 5?
-44142004
-1789732 (base 13) to base 16
-751dd1
-1340200 (base 5) to base 7
-143215
Convert -651240 (base 8) to base 11.
-139674
What is 86287 (base 15) in base 10?
425827
What is 1137040 (base 8) in base 2?
1001011111000100000
Convert -5163724 (base 8) to base 14.
-279420
1a06219 (base 13) to base 6
503154305
99a8a (base 12) to base 7
1505641
Convert 10202011201 (base 3) to base 15.
16cc1
-323031221 (base 4) to base 2
-111011001101101001
Convert 8308b (base 14) to base 16.
4d123
What is 1496702 (base 10) in base 15?
1e8702
What is 1101100100111100010000 (base 2) in base 16?
364f10
What is -1754750 (base 10) in base 2?
-110101100011001111110
What is 200021202100 (base 3) in base 8?
1277012
What is 1324105 (base 6) in base 13?
275a5
-320313151 (base 6) to base 14
-a65827
1010001101000010 (base 2) to base 10
41794
What is 91855 (base 12) in base 14?
4d129
Convert 7493136 (base 10) to base 9.
15080576
What is -18c164 (base 16) in base 12?
-662a58
What is -8031311 (base 10) in base 12?
-28338bb
What is -c7225 (base 15) in base 2?
-10011010001100111010
Convert -100031302 (base 4) to base 2.
-10000001101110010
Convert -12011313020 (base 4) to base 15.
-218232
-261424321 (base 7) to base 4
-333203320321
What is 6437700 (base 8) in base 6?
100512052
Convert 4821a (base 13) to base 10.
132181
2223521 (base 6) to base 15
23417
Convert -1113112322 (base 4) to base 11.
-22491a
Convert 10001022 (base 7) to base 8.
3111136
What is -3013165 (base 8) in base 16?
-c1675
cc127c (base 13) to base 11
2789a82
-40011011 (base 5) to base 6
-10414132
b9e26 (base 16) to base 11
480046
4b2977 (base 13) to base 9
3351431
What is 20334223 (base 5) in base 8?
510177
-1131352 (base 6) to base 3
-2222111012
-15166115 (base 7) to base 14
-29890c
What is -644636 (base 14) in base 2?
-1100111100010100101000
Convert -13008067 (base 9) to base 13.
-1426543
What is -45110540 (base 6) in base 16?
-14c97c
20133110 (base 4) to base 8
103724
Convert 1010110100210111 (base 3) to base 5.
13120432232
What is -28287 (base 13) in base 9?
-124066
-101011011000101011110 (base 2) to base 4
-11123011132
What is -5026242 (base 8) in base 4?
-11002302202
Convert -21431532 (base 8) to base 6.
-242335214
What is 1000110111011000100111 (base 2) in base 10?
2324007
Convert 27cc7 (base 13) to base 12.
37284
What is 101312202 (base 5) in base 12?
181088
Convert 11111111010101101 (base 2) to base 10.
130733
-794031 (base 11) to base 5
-310430414
Convert -ac47 (base 13) to base 11.
-17090
Convert 235a545 (base 11) to base 3.
21201222120210
Convert -74f724 (base 16) to base 15.
-a16399
-1456483 (base 9) to base 6
-25131503
-221200121211 (base 3) to base 13
-149203
-11102033222 (base 4) to base 5
-323313300
What is 3343608 (base 9) in base 5?
430103040
-662265 (base 7) to base 12
-57213
What is -3bbd0 (base 14) in base 11?
-a1027
What is -407111 (base 14) in base 2?
-1000010001111101011011
-4735a (base 12) to base 4
-113110312
-10200102222 (base 3) to base 9
-120388
Convert -36011151 (base 7) to base 16.
-308358
Convert -101110000000000010110 (base 2) to base 8.
-5600026
Convert 767ab (base 15) to base 10.
376361
What is -1c066 (base 13) in base 9?
-83411
Convert -103696 (base 12) to base 8.
-762022
Convert 45023345 (base 7) to base 12.
13762b8
What is -1033320200 (base 4) in base 7?
-2531636
12053051 (base 6) to base 16
5cdf7
What is -21333112 (base 6) in base 9?
-1166248
What is 100100101011011 (base 2) in base 7?
105515
-11201222020 (base 3) to base 16
-16c6b
What is -3c360 (base 16) in base 9?
-415266
-145247 (base 9) to base 11
-60a7a
Convert -3247401 (base 9) to base 10.
-1744093
Convert 20202103 (base 4) to base 7.
203635
2242215 (base 6) to base 7
655001
Convert 624389 (base 11) to base 3.
1212212121212
Convert -115612 (base 7) to base 4.
-11023222
What is -11011110110 (base 3) in base 14?
-21c40
What is -33b916 (base 12) in base 9?
-1503180
What is -424111 (base 6) in base 10?
-34603
-24593 (base 10) to base 15
-7448
Convert -1402452401 (base 6) to base 14.
-2368d69
11b0a (base 15) to base 4
31302211
What is 150455054 (base 6) in base 12?
106448a
-3637401 (base 8) to base 2
-11110011111100000001
-1003443 (base 6) to base 5
-3004400
Convert -580455 (base 14) to base 5.
-1231403212
-1754b0c (base 13) to base 6
-430241244
Convert 11736611 (base 8) to base 13.
7025a5
What is 4100330 (base 5) in base 3?
10100010220
What is -6a513c (base 14) in base 5?
-1412000244
What is -a7d9b (base 16) in base 11?
-42a5a4
-46885 (base 16) to base 12
-11b231
What is -f6d9 (base 16) in base 2?
-1111011011011001
What is -708a03 (base 11) in base 12?
-46b32a
1102322221 (base 4) to base 11
212190
Convert 4523311 (base 8) to base 7.
13250455
Convert 50985 (base 10) to base 14.
1481b
-112233404 (base 5) to base 15
-a0a6e
What is -11111110111101010111100 (base 2) in base 7?
-131004056
Convert 11c1b0 (base 15) to base 2.
11001111101111001010
What is -7bbb9d (base 14) in base 2?
-10000000110001110101111
Convert -4055425 (base 10) to base 5.
-2014233200
Convert -53683 (base 10) to base 8.
-150663
-12330122 (base 4) to base 11
-1a407
What is -425422 (base 9) in base 14?
-68455
Convert 3203340413 (base 5) to base 15.
8c5073
What is -6a922 (base 15) in base 5?
-41331212
Convert 101001101010110010 (base 2) to base 9.
280107
What is 27d125 (base 14) in base 12?
566a65
Convert 3096436 (base 10) to base 9.
5738454
What is -252c47 (base 15) in base 9?
-3314544
Convert 233033303100 (base 4) to base 3.
212022020200210
-325553 (base 8) to base 10
-109419
Convert 68a5d (base 16) to base 4.
1220221131
Convert -11360334 (base 7) to base 3.
-1220010020100
What is 12604d7 (base 15) in base 3?
220212100111211
214303441 (base 5) to base 16
e37a2
15503 (base 9) to base 12
6186
What is 17866b (base 15) in base 13?
30cb78
Convert 40333 (base 10) to base 3.
2001022211
What is -4c5a9 (base 14) in base 2?
-101101110101001001
What is 1922c (base 14) in base 3?
10020011111
Convert 20320140 (base 5) to base 12.
80720
Convert -5cbda6 (base 16) to base 4.
-113023312212
Convert 330172 (base 9) to base 13.
6b870
Convert -89814 (base 13) to base 14.
-66d8a
Convert 12120210312 (base 4) to base 10.
1673526
-2022102212 (base 4) to base 11
-357634
1412123 (base 8) to base 15
7d0b4
120012011112 (base 3) to base 10
299012
What is -20452453 (base 6) in base 4?
-2102000301
Convert 1282267 (base 10) to base 13.
35b84c
What is 2214501 (base 6) in base 5?
12024310
Convert -21334034 (base 5) to base 14.
-4acd6
-1012012000022110 (base 3) to base 16
-104ff73
What is -4c20d (base 16) in base 14?
-818cd
Convert 1020021202100 (base 3) to base 5.
131431231
What is -44940 (base 12) in base 2?
-10110010001000000
Convert 3632d9 (base 14) to base 3.
10111010112121
What is -5056795 (base 11) in base 14?
-1289dd9
What is -31366532 (base 8) in base 15?
-8be368
Convert 1246213 (base 7) to base 15.
3348d
-1123102 (base 10) to base 6
-40023314
-10011001001111111 (base 2) to base 9
-128561
-286057 (base 9) to base 8
-525644
Convert -660651 (base 13) to base 3.
-11111221110110
What is -577014 (base 8) in base 2?
-1011